tors of j.
2
Suppose 0 = -w + 39 + 33. Suppose 50 = 2*z - 3*a, w = 2*z + z - 3*a. What are the prime factors of z?
2, 11
Let p(w) = 7*w**2 + 3*w - 1. List the prime factors of p(1).
3
Let k(z) = -2*z - 13. Let x(t) = 3*t + 19. Let l be (-63)/(-6)*(-2)/(-3). Let s(g) = l*k(g) + 5*x(g). List the prime factors of s(4).
2
Suppose -d - 102 = -7*d. What are the prime factors of d?
17
What are the prime factors of 5*(1 - 24/(-1)) + -3?
2, 61
Suppose -35 = -h - 0*h + 4*u, 2*h + 5*u = 57. Let o = h + -20. List the prime factors of o.
11
List the prime factors of 4/6*6*(-5)/(-2).
2, 5
Let s(o) be the first derivative of -7*o**2 - 5*o + 2. Let m be s(5). What are the prime factors of 1/(-4) - m/12?
2, 3
Let d(w) = 148*w + 6. What are the prime factors of d(1)?
2, 7, 11
Suppose 3*y + 0*c - 2*c = 20, -4*c = -y. Suppose -5 = 5*r, y = p - 4*r - 14. List the prime factors of p.
2, 3
Suppose 0 = 4*t + 5*g - 80, 0 = 5*t + g - 77 - 2. Let u = t + -33. Let v = u + 32. What are the prime factors of v?
2, 7
Let x be (24/36)/(1/(-6)). What are the prime factors of 1863/99 - x/22?
19
Let a be (3 - 1)/(-1 + -1). List the prime factors of (12 + (a - -2))/1.
13
Let c(s) = 12*s**2 - 2*s - 3. What are the prime factors of c(-3)?
3, 37
Let k(p) = -p. Let z be k(-4). Suppose 0 = z*j - 55 - 25. What are the prime factors of j?
2, 5
Let s(t) = 4*t. Suppose -5*w + 2*p - 4 = -17, 0 = -2*w - 2*p + 8. What are the prime factors of s(w)?
2, 3
Suppose -33 = 2*x + 15. List the prime factors of (-30)/8*x/9.
2, 5
Let f(m) = -m**3 - 6*m**2 - 5*m + 5. Let c be f(-5). Let b = c + 7. List the prime factors of b.
2, 3
Let q(s) = -4 - 6*s + 2*s**2 + 0*s**2 + 3 - 3*s**2. Let c be q(-6). What are the prime factors of 44/14 + c/7?
3
Let v = 9 + -6. Suppose 4*r = r + v. List the prime factors of 15 - (0 + (-2 - r)).
2, 3
Let v = 34 + -71. Let a = -10 - v. List the prime factors of a.
3
Suppose 5 + 4 = -3*y - 3*s, 2*y + 4*s = 4. Let u = -18 - y. List the prime factors of 75/6*(-12)/u.
3, 5
Suppose -w = -c, -3*w + 12 + 9 = 4*c. Suppose -10 = -2*i + g, 0*i = 4*i - 5*g - 8. Let f = i + w. List the prime factors of f.
2, 5
Suppose -2*r - 4*r = -168. List the prime factors of r.
2, 7
Let l(x) be the third derivative of 1/20*x**5 + 0*x + 1/12*x**4 - 3*x**2 - 1/6*x**3 + 0. What are the prime factors of l(-2)?
7
Let d(o) = o - 6. Let f be 2 + -3 + 1 - -10. Let t be d(f). Suppose -t*c = -2*c - 18. List the prime factors of c.
3
Suppose -3*f = -2*f. Let l = f - -4. List the prime factors of ((-30)/4)/((-2)/l).
3, 5
Suppose 3*k = u + 42, -3*k - 4*u + 24 = u. What are the prime factors of k?
13
What are the prime factors of (20 - (3 + -2)) + 0?
19
What are the prime factors of 2148/28 - (-6)/21?
7, 11
Let s(c) = -4*c**3 + 2*c**2 + 6*c - 2. Let a(w) = -5*w**3 + 2*w**2 + 6*w - 2. Let x(j) = 3*a(j) - 4*s(j). What are the prime factors of x(4)?
2, 5
List the prime factors of (-159)/(-4) - (-45)/(-60).
3, 13
Suppose -4*k + 2*u = -2, -k + 6 + 8 = 4*u. Suppose m - 5 + k = y, -4*y - 15 = -3*m. Let d = 15 + y. What are the prime factors of d?
3
Let o(w) = -4*w**3 - 8*w**2 + 12*w + 11. Let x(j) = -3*j**3 - 9*j**2 + 12*j + 10. Let v(y) = -2*o(y) + 3*x(y). List the prime factors of v(-12).
2
Let v be (-330)/(-70) - (-2)/7. Let c = v + -1. List the prime factors of c.
2
Let n be (75 - 0)/1 - 0. Suppose n = 3*r + 2*i - 4*i, 0 = 2*i. List the prime factors of r.
5
Suppose 6*w = 3*w - 90. Let f = -18 - w. List the prime factors of f.
2, 3
Suppose -5*l - 84 + 24 = 0. Let b = 60 + l. What are the prime factors of b?
2, 3
Let r(g) = 3 + g - g - g - g**2 + 1. Suppose 2*x + 5*k = -5, -2*k - 2 = -3*x - x. List the prime factors of r(x).
2
Let p be 8/(-6)*180/(-8). Suppose 0*l - l = 0, l - p = 5*c. Let a = c - -17. List the prime factors of a.
11
Suppose -290 = -3*o + 2*m, o - m - 85 = 13. What are the prime factors of o?
2, 47
Let l = 25 + -14. What are the prime factors of (-150)/(-22) + 2/l?
7
Let x(c) = c - 3 + 6 - 3 - 2. Let a(j) = 2*j - 4. Let d be a(5). What are the prime factors of x(d)?
2
Suppose 0 = 2*k + k + 30. What are the prime factors of 26/(-13)*(-1 + k)?
2, 11
List the prime factors of 25 - -1*(1 + 1).
3
Let q(p) = -p**3 + 4*p**2 + 2*p - 4. List the prime factors of q(3).
11
Suppose -l = -180 - 151. List the prime factors of l.
331
Suppose 0 = -4*q + 3*q. Let k be (42 + q)*(-6 - -7). Suppose 3*u = 3*i - 33, -2*u + 27 = 5*i - k. What are the prime factors of i?
13
Let n = 357 + -182. What are the prime factors of n?
5, 7
Let r be (-2)/4 - (-6)/(-12). What are the prime factors of (-2)/(r - 18/(-22))?
11
Let r = 19 - 10. Let y(m) = -m**2 + 10*m - 7. Let x be y(8). What are the prime factors of (x/(-2))/(r/(-12))?
2, 3
Let l be -3*4/6 + 76. Let j = l + -42. What are the prime factors of j?
2
List the prime factors of (-40820)/(-364) + (-16)/14 + 1.
2, 7
Let p be -2 - (-1)/(2 - 3). Let u = 11 - p. What are the prime factors of u?
2, 7
Suppose -9*c + 154 + 152 = 0. List the prime factors of c.
2, 17
Suppose 7 - 64 = -z. What are the prime factors of z?
3, 19
Let l(v) = -2*v**2 + 27*v + 2. List the prime factors of l(9).
83
Let l(g) = -g**3 - 2*g**2 + 5*g - 2. Let a be l(-4). List the prime factors of (8/(-5))/((-4)/a).
2
Let j = 3 - 4. Let i(u) = 10*u**2. List the prime factors of i(j).
2, 5
Let u(t) = -2*t + 36*t**2 - 33*t**2 + 4 + t**3 + 4*t. Let p be u(-3). List the prime factors of p/8 + (-9)/(-4).
2
Let g = -37 + -9. Let d = g - -65. What are the prime factors of d?
19
Let o = 25 + -11. What are the prime factors of o?
2, 7
Suppose -2*k - f + 489 = -2*f, 0 = -4*k - 4*f + 972. List the prime factors of k.
2, 61
Let n(r) = -3*r**3 - 2*r - 1. Let f(y) be the third derivative of -y**6/120 + y**5/12 - y**4/8 - 5*y**3/6 - y**2. Let p be f(4). List the prime factors of n(p).
2
Let d be 0 - (-13)/1*1. Suppose 12 = 5*p - d. Suppose 75 = 4*m + m + p*g, 2 = 2*m - 5*g. What are the prime factors of m?
11
Suppose -m - 157 = -3*h, m = 4*h - 139 - 72. What are the prime factors of h?
2, 3
Let x(z) = -z**2 - z. Let i be x(-1). Suppose -5*y + 0*y = i. Suppose 5*j - 69 - 21 = y. What are the prime factors of j?
2, 3
Let v(b) = 5*b**2 - 26. List the prime factors of v(6).
2, 7, 11
Let y(z) = 0*z + 3 - 2*z - 2*z - 2. Let p be y(-1). Suppose -9*l + 44 = -p*l. List the prime factors of l.
11
Let v(p) = p**3 - 5*p**2 + p - 4. Let s be v(5). List the prime factors of s*5/((-15)/(-111)).
37
Suppose 0 = 5*y - 59 - 71. What are the prime factors of y?
2, 13
Let f(p) = p**3 + 7*p**2 - 6*p - 5. Suppose 4*o + 14 + 12 = -2*r, -10 = 5*o - 5*r. Let t be f(o). Let n = -54 + t. What are the prime factors of n?
3, 7
Suppose -112 = -2*o - 4*a, -5*o = 5*a - 4*a - 298. What are the prime factors of o?
2, 3, 5
Let c = -2 + 4. Suppose -c*m - 4 = 3*i - 45, 95 = 5*m + 5*i. Let s = -8 + m. List the prime factors of s.
2
Suppose -2*l = 5*q - 8, 3*l - q = -2*l - 7. What are the prime factors of l*(5 - -2)*-4?
2, 7
Let f(j) = j**3 + j**2 - 2*j - 10. Let s(l) = 2*l**3 + 2*l**2 - 3*l - 21. Let o(t) = 5*f(t) - 3*s(t). List the prime factors of o(0).
13
Let h be (-24)/20*(-40)/6. Suppose -h*k + 45 = -3*k. What are the prime factors of k?
3
Let i = 5 + -3. Let g(n) = -2*n**i + 3 - 2*n - 4 + 3*n + 9*n**2. List the prime factors of g(1).
7
Suppose -102 = 5*l - x - 2*x, 3*x = 2*l + 48. Let z = 10 - l. Let d = 39 - z. List the prime factors of d.
11
Let k(m) = 75*m**2 + 2*m + 1. What are the prime factors of k(-1)?
2, 37
Suppose 4*s + z - 60 = 0, z = -5*s + 2*s + 44. List the prime factors of s.
2
Let x be 75/(-10)*4/(-3). What are the prime factors of x/(-85) + (-412)/(-34)?
2, 3
Suppose -39 - 2 = -c - 3*j, 4*c - 209 = 3*j. What are the prime factors of c?
2, 5
Suppose 4*s + 33 + 11 = -5*n, -2*s - 2*n = 20. Let d = 15 + s. What are the prime factors of d?
3
Let s = -90 + 134. List the prime factors of s.
2, 11
Let w be (2 + 0)/(6/(-30)). Let n = -8 - w. List the prime factors of n.
2
Suppose -2*l + 0*l + 6 = 0. Suppose -2*b = 3*y + 3*b - 59, 0 = -4*y + l*b + 69. Let z = y - 10. List the prime factors of z.
2
Suppose 124 = 4*j + 4*m, -6*m - 57 = -2*j - 3*m. List the prime factors of j.
2, 3, 5
Let k = 459 - 265. What are the prime factors of k?
2, 97
Let f(x) = x**3 + 30*x**2 - 3*x - 7. What are the prime factors of f(-30)?
83
Suppose 4*d = 2*d + 4. Suppose 11 + 